mainder when 261 is divided by 80.
21
What is the remainder when 182 is divided by 96?
86
Calculate the remainder when 18 is divided by 18.
0
What is the remainder when 64 is divided by 18?
10
Calculate the remainder when 65 is divided by 3.
2
What is the remainder when 56 is divided by 9?
2
Calculate the remainder when 567 is divided by 6.
3
What is the remainder when 524 is divided by 47?
7
What is the remainder when 521 is divided by 244?
33
Calculate the remainder when 194 is divided by 7.
5
Calculate the remainder when 1176 is divided by 172.
144
Calculate the remainder when 592 is divided by 129.
76
Calculate the remainder when 358 is divided by 75.
58
Calculate the remainder when 684 is divided by 43.
39
What is the remainder when 2223 is divided by 26?
13
Calculate the remainder when 192 is divided by 111.
81
Calculate the remainder when 38 is divided by 13.
12
What is the remainder when 122 is divided by 48?
26
What is the remainder when 134 is divided by 96?
38
What is the remainder when 23 is divided by 2?
1
Calculate the remainder when 716 is divided by 8.
4
What is the remainder when 61 is divided by 7?
5
Calculate the remainder when 119 is divided by 4.
3
What is the remainder when 702 is divided by 8?
6
What is the remainder when 436 is divided by 22?
18
What is the remainder when 935 is divided by 78?
77
What is the remainder when 442 is divided by 14?
8
Calculate the remainder when 142 is divided by 102.
40
Calculate the remainder when 298 is divided by 98.
4
What is the remainder when 979 is divided by 175?
104
Calculate the remainder when 1679 is divided by 11.
7
What is the remainder when 950 is divided by 338?
274
What is the remainder when 1338 is divided by 96?
90
What is the remainder when 44 is divided by 22?
0
What is the remainder when 230 is divided by 34?
26
Calculate the remainder when 217 is divided by 10.
7
What is the remainder when 328 is divided by 33?
31
Calculate the remainder when 222 is divided by 25.
22
Calculate the remainder when 2559 is divided by 64.
63
Calculate the remainder when 2725 is divided by 70.
65
What is the remainder when 121 is divided by 5?
1
Calculate the remainder when 2625 is divided by 29.
15
Calculate the remainder when 217 is divided by 22.
19
Calculate the remainder when 346 is divided by 169.
8
Calculate the remainder when 69 is divided by 25.
19
What is the remainder when 656 is divided by 318?
20
What is the remainder when 688 is divided by 76?
4
What is the remainder when 187 is divided by 47?
46
What is the remainder when 1108 is divided by 336?
100
What is the remainder when 316 is divided by 192?
124
What is the remainder when 361 is divided by 28?
25
What is the remainder when 142 is divided by 26?
12
What is the remainder when 76 is divided by 12?
4
Calculate the remainder when 58 is divided by 51.
7
What is the remainder when 833 is divided by 19?
16
What is the remainder when 69 is divided by 38?
31
What is the remainder when 1151 is divided by 561?
29
What is the remainder when 259 is divided by 19?
12
Calculate the remainder when 663 is divided by 95.
93
What is the remainder when 570 is divided by 275?
20
Calculate the remainder when 239 is divided by 49.
43
Calculate the remainder when 802 is divided by 13.
9
Calculate the remainder when 1005 is divided by 18.
15
What is the remainder when 980 is divided by 9?
8
Calculate the remainder when 87 is divided by 8.
7
Calculate the remainder when 135 is divided by 14.
9
Calculate the remainder when 590 is divided by 122.
102
What is the remainder when 433 is divided by 14?
13
Calculate the remainder when 291 is divided by 6.
3
What is the remainder when 1897 is divided by 53?
42
What is the remainder when 601 is divided by 283?
35
What is the remainder when 165 is divided by 47?
24
What is the remainder when 252 is divided by 35?
7
What is the remainder when 1561 is divided by 92?
89
What is the remainder when 1523 is divided by 27?
11
What is the remainder when 2359 is divided by 24?
7
What is the remainder when 397 is divided by 93?
25
What is the remainder when 4676 is divided by 40?
36
What is the remainder when 1065 is divided by 26?
25
Calculate the remainder when 102 is divided by 8.
6
What is the remainder when 102 is divided by 21?
18
What is the remainder when 1923 is divided by 108?
87
Calculate the remainder when 304 is divided by 22.
18
What is the remainder when 207 is divided by 21?
18
Calculate the remainder when 262 is divided by 91.
80
Calculate the remainder when 6507 is divided by 2166.
9
Calculate the remainder when 4 is divided by 1.
0
Calculate the remainder when 170 is divided by 77.
16
Calculate the remainder when 1824 is divided by 482.
378
Calculate the remainder when 759 is divided by 7.
3
Calculate the remainder when 11532 is divided by 18.
12
What is the remainder when 42 is divided by 11?
9
Calculate the remainder when 6034 is divided by 3.
1
What is the remainder when 188 is divided by 98?
90
Calculate the remainder when 140 is divided by 47.
46
Calculate the remainder when 246 is divided by 63.
57
What is the remainder when 370 is divided by 191?
179
Calculate the remainder when 1567 is divided by 224.
223
Calculate the remainder when 69 is divided by 22.
3
What is the remainder when 79 is divided by 37?
5
Calculate the remainder when 1397 is divided by 1371.
26
Calculate the remainder when 333 is divided by 48.
45
What is the remainder when 207 is divided by 106?
101
Calculate the remainder when 94 is divided by 24.
22
What is the remainder when 5213 is divided by 149?
147
What is the remainder when 996 is divided by 13?
8
What is the remainder when 2701 is divided by 7?
6
Calculate the remainder when 243 is divided by 82.
79
Calculate the remainder when 158 is divided by 40.
38
Calculate the remainder when 52 is divided by 3.
1
Calculate the remainder when 5542 is divided by 42.
40
Calculate the remainder when 3376 is divided by 13.
9
What is the remainder when 286 is divided by 27?
16
What is the remainder when 1478 is divided by 91?
22
Calculate the remainder when 345 is divided by 127.
91
What is the remainder when 242 is divided by 117?
8
Calculate the remainder when 21056 is divided by 52.
48
Calculate the remainder when 208 is divided by 151.
57
What is the remainder when 1391 is divided by 175?
166
What is the remainder when 2658 is divided by 19?
17
Calculate the remainder when 138 is divided by 63.
12
Calculate the remainder when 56 is divided by 42.
14
Calculate the remainder when 115 is divided by 11.
5
Calculate the remainder when 119 is divided by 11.
9
What is the remainder when 71 is divided by 16?
7
Calculate the remainder when 1130 is divided by 62.
14
What is the remainder when 1425 is divided by 53?
47
What is the remainder when 154 is divided by 83?
71
Calculate the remainder when 5091 is divided by 56.
51
What is the remainder when 2100 is divided by 110?
10
What is the remainder when 127 is divided by 44?
39
What is the remainder when 97 is divided by 24?
1
Calculate the remainder when 1053 is divided by 196.
73
Calculate the remainder when 21886 is divided by 18.
16
Calculate the remainder when 227 is divided by 214.
13
What is the remainder when 1871 is divided by 133?
9
Calculate the remainder when 289 is divided by 139.
11
Calculate the remainder when 632 is divided by 55.
27
What is the remainder when 287 is divided by 58?
55
Calculate the remainder when 13619 is divided by 19.
15
What is the remainder when 84 is divided by 31?
22
What is the remainder when 547 is divided by 177?
16
Calculate the remainder when 777 is divided by 13.
10
Calculate the remainder when 369 is divided by 37.
36
Calculate the remainder when 151 is divided by 76.
75
What is the remainder when 22 is divided by 5?
2
Calculate the remainder when 1027 is divided by 78.
13
What is the remainder when 4792 is divided by 266?
4
Calculate the remainder when 477 is divided by 219.
39
What is the remainder when 231 is divided by 49?
35
What is the remainder when 3475 is divided by 315?
10
Calculate the remainder when 121 is divided by 62.
59
What is the remainder when 153 is divided by 28?
13
What is the remainder when 750 is divided by 109?
96
Calculate the remainder when 69 is divided by 